= 2*u**2 - 3*u + 17. What is d(-5)?
82
Let n(y) = 2*y**2 - 13*y - 4. What is n(7)?
3
Let q(t) = -4*t**2 + 24*t + 2. Calculate q(6).
2
Let k(s) = -s**3 - 14*s**2 - 9*s + 13. What is k(-13)?
-39
Let t(u) = 40*u + 131. What is t(-3)?
11
Let p(j) = -59*j - 63. What is p(-1)?
-4
Let v(a) = 3*a**2 - 5*a - 4. Calculate v(4).
24
Let x(q) = -q**2 - 3*q + 10. What is x(2)?
0
Let i(x) = -x**2 + 5*x - 2. Calculate i(0).
-2
Let s(j) = -9*j**3 - j**2 - j + 1. Give s(1).
-10
Let u(q) = -q - 8. What is u(-6)?
-2
Let g(k) = 18*k - 364. Calculate g(21).
14
Let h(m) = m**3 + 6*m**2 + 8*m - 5. Determine h(-4).
-5
Let f(y) = -y**2 + 16*y + 15. Give f(14).
43
Let q(s) = -s**2 - 9*s - 14. Calculate q(-7).
0
Let b(u) = -u**2 + 29*u - 136. What is b(23)?
2
Let f(s) = -s**3 - s**2 + s + 1. Determine f(-4).
45
Let y(j) = 8*j - 4. Calculate y(7).
52
Let m(q) = -q**2 + 5*q + 33. What is m(-7)?
-51
Let r(w) = 9*w + 3. Give r(-1).
-6
Let h(j) = -56*j**2 + j - 1. Calculate h(1).
-56
Let g(i) = -31*i - 4. Give g(2).
-66
Let n(s) = 2*s**2 - 30*s + 113. Give n(7).
1
Let q(p) = -p**3 - 5*p**2 + 5*p + 8. Determine q(-7).
71
Let t(x) = -x**3 + 18*x**2 + 21*x - 35. Determine t(19).
3
Let q(w) = -w - 7. Calculate q(-1).
-6
Let d(m) = -m**2 - m + 193. Give d(0).
193
Let o(r) = r**2 - 28*r + 54. Calculate o(23).
-61
Let h(f) = f**3 + f**2 + 1. Determine h(-3).
-17
Let b(j) = -2*j**2 + 3*j + 60. Calculate b(0).
60
Let i(n) = n**2 - 4*n + 2. Determine i(-6).
62
Let v(i) = -2*i + 1. Give v(0).
1
Let a(l) = l**3 - 4*l**2 - 5*l + 1. Give a(5).
1
Let y(b) = -4*b + 25. Give y(6).
1
Let u(t) = t**2 + 11*t + 2. Determine u(-11).
2
Let k(s) = -s**2 - 15*s + 80. Calculate k(-18).
26
Let q(n) = -n - 8. What is q(-7)?
-1
Let u(g) = -219*g + 1758. Determine u(8).
6
Let j(s) = 4*s + 9. Give j(5).
29
Let f(u) = -u**2 + 3*u - 1. Calculate f(1).
1
Let a(r) = 3*r**3 + 13*r**2 + r + 48. Determine a(-5).
-7
Let x(j) = -3*j**2 + 11*j + 6. Calculate x(5).
-14
Let s(r) = r - 5. Give s(-4).
-9
Let y(u) = 14*u + 79. Determine y(-6).
-5
Let w(x) = -5*x**2 + 18*x + 6. Give w(4).
-2
Let y(p) = 4*p**2 - 2*p - 2. Determine y(2).
10
Let x(z) = -2*z**2 - 40*z - 14. Determine x(-20).
-14
Let b(f) = f**3 + 6*f**2 + 6*f + 4. Give b(-4).
12
Let z(k) = -k**2 - 10*k - 10. Determine z(-7).
11
Let n(b) = -b**2 - 8*b - 8. What is n(-7)?
-1
Let l(m) = 8*m + 34. Give l(-5).
-6
Let s(a) = -a**2 + 15*a - 13. What is s(13)?
13
Let m(k) = 27*k - 498. Determine m(18).
-12
Let c(p) = -p**3 + 4*p - 6. Calculate c(2).
-6
Let r(i) = 9*i**2 - 2*i - 5. Calculate r(-2).
35
Let m(n) = n - 15. Calculate m(11).
-4
Let c(w) = 4*w + 2. Determine c(-12).
-46
Let c(p) = p**3 - p**2 - p - 39. Calculate c(0).
-39
Let u(w) = w**3 - 3*w**2 - 2*w. Give u(4).
8
Let v(b) = b**2 - b - 136. Give v(14).
46
Let k(j) = j + 1. Calculate k(-25).
-24
Let r(j) = 3*j. Give r(2).
6
Let w(f) = -f**3 - 3*f**2 - f + 2. Calculate w(-3).
5
Let t(h) = -h**3 - h**2 - h + 2. Determine t(2).
-12
Let r(k) = -5*k + 6. Calculate r(0).
6
Let u(y) = y**2 - 8*y - 60. Calculate u(-8).
68
Let t(c) = 8*c + 3. Calculate t(-3).
-21
Let j(m) = -m**3 + 9*m**2 + 10*m + 13. Calculate j(10).
13
Let b(m) = m**2 - 4*m - 9. Give b(6).
3
Let s(z) = -19*z - 92. Give s(-5).
3
Let k(o) = o**3 + 10*o**2 - 5*o + 14. What is k(-10)?
64
Let b(c) = 10*c + 23. Determine b(-4).
-17
Let u(j) = 11*j + 190. What is u(-17)?
3
Let s(d) = -d**3 + 4*d**2 + d - 2. What is s(2)?
8
Let m(a) = 25*a + 426. Give m(-17).
1
Let h(d) = 2*d**2 - 9*d - 120. Give h(-6).
6
Let b(o) = 68*o - 278. What is b(4)?
-6
Let u(i) = i**2 + 3*i - 2. Give u(-4).
2
Let t(h) = -h**3 + 6*h + 1. Calculate t(0).
1
Let k(h) = -h**3 - 24*h**2 - 23*h + 3. Determine k(-23).
3
Let o(r) = 3*r - 86. Determine o(27).
-5
Let r(o) = -4*o - 2. Determine r(0).
-2
Let v(m) = -5*m - 4. Give v(-6).
26
Let j(a) = -a**3 - 18*a**2 + 64*a + 27. Determine j(-21).
6
Let q(x) = -x**3 + 7*x**2 - 8*x + 5. What is q(5)?
15
Let q(i) = -2*i - 25. Calculate q(0).
-25
Let j(d) = -d**2 + 12*d - 13. What is j(11)?
-2
Let w(y) = -y**3 + 11*y**2 - 27*y + 17. Give w(8).
-7
Let h(b) = -b - 42. Determine h(0).
-42
Let c(j) = j**3 + j**2 - 3*j + 4. What is c(0)?
4
Let c(a) = 2*a**3 - 2*a**2 + a + 2. What is c(3)?
41
Let y(n) = -83*n**2 - 1. Give y(-1).
-84
Let w(v) = -v**2 - 18*v + 43. Give w(-20).
3
Let p(j) = -j**3 - 2*j**2 + 6*j + 7. Give p(-4).
15
Let q(u) = u**2 - 14*u + 10. Determine q(13).
-3
Let u(k) = -6*k + 13. Determine u(2).
1
Let u(k) = -k**3 - 4*k**2 + 7*k + 2. Calculate u(-5).
-8
Let n(h) = h**2 - 5*h + 4. Calculate n(5).
4
Let q(n) = 195*n + 8. Give q(0).
8
Let i(t) = -t**3 + 4*t**2 + 11*t - 33. Give i(5).
-3
Let c(o) = o**3 + 7*o**2 + 7*o - 5. Calculate c(-4).
15
Let s(d) = -d**3 - d + 30. What is s(0)?
30
Let i(c) = -c**2 - 14*c - 13. Determine i(-9).
32
Let t(f) = -f**3 + 9*f**2 - 9*f + 5. What is t(8)?
-3
Let v(a) = -a - 21. Calculate v(-16).
-5
Let c(q) = -3*q. Give c(-3).
9
Let d(q) = -3*q**2 - 4*q + 2. Give d(-4).
-30
Let r(a) = a**3 - a**2 + 7. Determine r(-2).
-5
Let n(k) = -k**2 + 4. Calculate n(0).
4
Let q(l) = l**3 + 9*l**2 - 9*l + 15. What is q(-10)?
5
Let x(q) = q**2 + q - 9. Calculate x(-4).
3
Let p(y) = -y**3 + 7*y**2 - 3*y + 2. Determine p(6).
20
Let g(f) = f**3 + f**2 - 13*f - 21. Determine g(-3).
0
Let a(o) = -o**3 - o - 14. What is a(0)?
-14
Let r(d) = -2*d**2 + 15*d + 1. Give r(8).
-7
Let r(t) = t**2 - 14*t + 35. Calculate r(11).
2
Let n(y) = -y**3 + 51*y**2 - 3. Determine n(51).
-3
Let w(s) = -6*s**3 + 2*s**2 + 2. What is w(2)?
-38
Let f(x) = -x**3 + 7*x**2 - x + 13. Calculate f(7).
6
Let u(r) = -r**2 - 10*r - 6. What is u(-11)?
-17
Let w(k) = 46*k - 451. Calculate w(10).
9
Let t(z) = -2*z**3 + 20*z**2 - 31*z + 131. Determine t(9).
14
Let l(h) = -h**3 + 2*h**2 + 2*h - 1. Give l(-2).
11
Let j(q) = 9*q + 84. Calculate j(-9).
3
Let p(k) = -3*k - 19. Calculate p(-11).
14
Let f(c) = -c + 29. What is f(31)?
-2
Let v(u) = -u**3 + 3*u**2 - u + 3. Determine v(2).
5
Let m(w) = w**2 + 2*w - 12. Calculate m(6).
36
Let u(i) = 4*i**2 - 20*i + 16. What is u(5)?
16
Let x(d) = -2*d - 9. Give x(-5).
1
Let b(p) = -p**2 - p + 1. Calculate b(5).
-29
Let o(m) = 57*m - 15. Give o(2).
99
Let p(v) = -v + 5. Give p(-1).
6
Let b(u) = -4*u**2 - 28*u - 52. Determine b(-2).
-12
Let q(g) = g**2 - 10*g + 10. Calculate q(10).
10
Let x(j) = 4*j - 12. Give x(7).
16
Let k(t) = -2*t**2 + 7*t + 3. Calculate k(-3).
-36
Let v(b) = -2*b**2 - 16*b - 9. What is v(-6)?
15
Let z(p) = 6*p - 4. Give z(4).
20
Let g(s) = s**3 - 8*s**2 + 4*s + 8. Give g(7).
-13
Let b(x) = -8*x + 7. Give b(5).
-33
Let h(x) = 3*x**2 - 2*x + 14. Determine h(-5).
99
Let y(t) = -4*t + 18. Give y(11).
-26
Let f(n) = -2*n**2 + 5*n - 1. Give f(1).
2
Let l(r) = r**3 + 9*r**2 + 17*r - 1. Calculate l(-6).
5
Let r(l) = -l**3 - 3*l**2 + 32*l + 23. What is r(-7)?
-5
Let c(j) = -2*j - 11. Calculate c(8).
-27
Let b(n) = 5*n + 4. Determine b(-2).
-6
Let c(t) = t**3 + 10*t**2 - 26*t - 27. Calculate c(-12).
-3
Let n(r) = -3*r**2 - 24*r - 15. Determine n(-7).
6
Let g(t) = -t**2 + 2*t + 10. Determine g(-5).
-25
Let v(s) = 22*s + 2. Calculate v(12).
266
Let f(o) = -o**2 + 11*o + 4. Give f(10).
14
Let x(a) = 20*a. What is x(1)?
20
Let w(o) = -266*o - 2126. Calculate w(-8).
2
Let b(g) = -9*g - 1. Calculate b(-2).
17
Let g(t) = -2*t**3 + t**2 + 2*t - 3. What is g(2)?
-11
Let w(y) = -6*y**2 + 2*y - 4. Calculate w(2).
-24
Let r(q) = -q**2 + 8*q + 3. What is r(8)?
3
Let g(m) = m**3 + 17*m**2 - 20*m - 12. Calculate g(-18).
24
Let o(s) = s**3 - 33*s**2 - 34*s + 3. What is o(34)?
3
Let j(n) = n**3 + 11*n**2 + 30*n - 11. What is j(-7)?
-25
Let u(n) = 9*n**2 - 56*n + 12. Determine u(6).
0
Let p(v) = v**3 - 5*v + 15. What is p(4)?
59
Let b(r) = r**2 - 3*r - 9. Determine b(6).
9
Let a(w) = w - 27. What is a(20)?
-7
Let v(r) = -4*r - 41. Calculate v(-8).
-9
Let x(u) = -u**3 + 3*u**2 + 8*u - 5. Give x(3).
19
Let p(q) = q**3 + 6*q**2 + 7*q - 1. Give p(-3).
5
Let q(k) = -54*k - 11. Determine q(0).
-11
Let w(g) = g**3 - 3*g**2 - 5*g + 3. What is w(4)?
-1
Let d(c) = -c**3 + 6*c**2 - 6*c. Determine d(5).
-5
Let c(w) = 2*w**2 - 38*w + 158. What is c(11)?
-18
Let j(a) = 2*a**2 - 9*a - 1. Determine j(4).
-5
Let o(v) = -v**2 - v + 2. Give o(2).
-4
Let l(i) = i**2 + 11*i - 11. Give l(-10).
-21
Let d(f) = -f**3 - 11*f**2 + 12*f - 3. Give d(-12).